 + 42 = -3*g - 0*l, -g - 22 = -3*l. Let x(c) = -4*c - 64. Let u be x(g). Determine v(u).
-11
Let l(k) = -4*k - 1. Let j(u) = -u**2 - 25*u + 154. Let v be j(-30). What is l(v)?
-17
Let g(t) = -t**2 - 3*t + 20. Let s be g(-6). Suppose 0 = s*d - a - 3, -2 = 2*d + 4*a - 0. Let r(y) = 13*y**3 + y**2 + y - 1. What is r(d)?
14
Let t(z) be the second derivative of -z**5/20 + z**4 + z**3/6 - 8*z**2 - 85*z + 1. Determine t(12).
-4
Let t(n) = -n**2 + 2*n + 1. Let f(x) = -2*x**2 + 3*x. Let u(s) = 2*f(s) - 5*t(s). Determine u(5).
0
Let a(w) be the first derivative of 4*w**3/3 + 3*w**2/2 + 5*w + 373. What is a(-2)?
15
Let o(k) = -k - 3 + 4 - 4. Let i(n) = n. Let g(b) = -9. Let v(y) = g(y) - 3*i(y). Let h(l) = 8*o(l) - 3*v(l). Determine h(-3).
0
Let m(d) = -d - 9. Suppose 330 = 8*f + 7*f. Suppose 3*n = -f - 2. What is m(n)?
-1
Let f(q) be the third derivative of 1/4*q**4 + 0*q + 1/2*q**3 + 0 - 1/60*q**5 - 2*q**2. Give f(6).
3
Let v(k) be the third derivative of 1/8*k**4 + 0*k - 1/3*k**3 + 0 + 17*k**2 - 1/60*k**5. Give v(3).
-2
Let g = -57 - -58. Let x(j) = -j + 1. Let l(a) = 2*a - 4. Let h be (20/8)/((-1)/(-2)). Let t(z) = g*l(z) + h*x(z). Calculate t(-2).
7
Let j(n) = n**3 - n**2 + 1. Let z(f) = 3*f**3 + 5*f**2 + 7*f - 4. Let a be (1/2)/(10/(-40)). Let v(k) = a*j(k) + z(k). What is v(-6)?
-12
Let q(s) be the third derivative of s**5/60 + 5*s**4/12 + 5*s**3/6 + s**2. Suppose 729 = 17*b + 882. Give q(b).
-4
Suppose 2*w + 17 - 41 = 0. Suppose w = d - 3*d. Let u(k) = -9 + k + 2 - 2*k. Determine u(d).
-1
Let k(q) be the third derivative of 0*q - 5*q**2 + 2/15*q**5 + 0 - 1/2*q**3 + 5/24*q**4 + 1/120*q**6. What is k(-7)?
11
Let w(n) = -n + 7. Suppose 2*h = 3*v + 20 + 6, -5*h = 3*v - 44. Calculate w(h).
-3
Let p(g) = 11*g - 1. Let x(u) = 0*u**3 + 6*u + 29*u**2 - u**3 - 33*u**2 + 6. Let w be x(-5). Give p(w).
10
Let v(n) = -4*n**2 - 2*n - 10. Let w(c) = c**2 + c + 1. Let t(j) = -v(j) - 3*w(j). Let q be (-2)/7 + 102/357. What is t(q)?
7
Let i(d) be the third derivative of d**4/6 + 5*d**3/6 - 6*d**2. Suppose z + 29 = n + 4*n, -4*n + 16 = z. Give i(z).
-11
Let v(k) = k**2 - 16*k + 50. Let u(w) = w**2 - 13*w - 85. Let d be u(-5). Give v(d).
-5
Let m(w) be the second derivative of -w**4/12 + w**3/2 + w**2 - 51*w. Calculate m(6).
-16
Let z(t) be the first derivative of -t**5/20 + 5*t**4/12 - t**3/6 + 3*t**2 - 42*t + 28. Let d(h) be the first derivative of z(h). Determine d(5).
1
Suppose -9*k + 12*k - 3 = 0. Let y(m) = 2*m + 4 - 4 - 5*m**2 + 2*m**3 - k - 3*m**3. Determine y(-5).
-11
Let c(r) be the second derivative of -r**8/6720 - r**7/315 - r**6/72 - r**5/40 + 5*r**4/6 + r + 20. Let v(l) be the third derivative of c(l). Calculate v(-7).
18
Let q(d) = -3*d - 76. Suppose -12*t = -6*t + 162. Give q(t).
5
Let j(i) = 3*i**2 + 13*i - 5. Let u(r) = 5*r**2 + 15*r - 4. Let b(x) = 3*j(x) - 2*u(x). Determine b(9).
-7
Let k(l) = l**3 - 5*l**2 - 4*l + 3. Let v(p) = p**2 - p + 2. Let b(c) = k(c) + 2*v(c). Calculate b(5).
27
Let n(l) = -12*l**2 - 6 + 24*l**2 - 1 - 11*l**2 - 1. Let w = -12 - -18. Calculate n(w).
28
Let t(g) = g - 5. Suppose k = -k - 5*j - 66, -4*j = -5*k - 132. Let m be 7/k - (-13)/4. Let z be 1 - m/(-1) - -1. What is t(z)?
0
Let n(i) = -22*i**2 - 12*i - 34*i**2 + 4 + 55*i**2. Calculate n(-13).
-9
Let m(l) = -l**3 - 5*l**2 + 6*l + 2. Let k be (-4 + 0)/((-4)/(-6)). Let s be m(k). Let h(w) = -18 + 18 - s*w. What is h(4)?
-8
Let t(d) be the second derivative of 0 + 0*d**3 - 2/3*d**4 - 3*d + 0*d**2. Let p(b) = -b**2 - 7*b - 7. Let r be p(-6). Give t(r).
-8
Let o(w) be the first derivative of -2*w**2 - w + 2. Let c(i) = -13*i + 40. Let q be c(3). Give o(q).
-5
Suppose 0 = -6*a + 4 - 34. Let r(z) = -4*z - 22*z**2 + 66*z**2 - 23*z**2 - 22*z**2. Calculate r(a).
-5
Let b(m) be the first derivative of m**4/4 + 2*m**3 + 3*m**2 + 4*m - 118. Calculate b(-5).
-1
Let h be 360/16 - 6 - 2/(-4). Let q(s) = s**3 - 17*s**2 - 2. What is q(h)?
-2
Let v = -431 - -442. Let b(s) = s - 9. Give b(v).
2
Let r(a) = -2*a**2 - a. Let o(c) = -9*c**2 - 7*c + 4. Let q(z) = o(z) - 5*r(z). Determine q(0).
4
Let w(t) be the third derivative of -t**6/120 - t**5/10 - t**4/4 - 5*t**3/6 + 11*t**2 + 11. Suppose -5*l + 5*c = 3 + 2, -2*l + 4*c = -6. Give w(l).
0
Let s(y) = -y**3 + 3*y**2 - 2. Suppose c = q + 6*c - 18, -3 = -4*q + 3*c. What is s(q)?
-2
Let h(u) be the second derivative of -1/6*u**3 + 1/6*u**4 + 12*u + 6*u**2 + 0. Let p(o) be the first derivative of h(o). What is p(2)?
7
Suppose 19*o + 5 = 18*o. Let f(g) = -5*g - 12. Give f(o).
13
Let l(m) = -m**3 - m**2 + m. Let j be ((-1)/1)/(-1) - 1. Let c be l(j). Let s(x) = -3 + x**2 - 6*x + 9*x + c*x**2 + 0*x**2. Calculate s(-5).
7
Let d(o) = -10*o**3 - o**2 - 3*o + 3. Let u(t) = 46*t**3 + 4*t**2 + 13*t - 13. Let s(w) = 9*d(w) + 2*u(w). Determine s(1).
1
Suppose 5*v = 154 + 11. Let w(r) = 3*r + 41 + v - 76. Give w(2).
4
Let j(b) = b + 9. Suppose 4*u + 8*n = 11*n + 288, 4*n = 5*u - 359. Suppose u = -3*a + 63. Give j(a).
5
Let b(s) = -2*s**2 - s. Let x(t) = 7*t**2 - 11*t + 34. Let l(q) = -3*b(q) - x(q). Determine l(10).
6
Let l(b) = 63*b + 1. Let i be l(1). Let f(c) = i + 0*c + 6*c - 64. Give f(-1).
-6
Let d(y) be the third derivative of -y**5/60 - y**4/24 + 2*y**2 + 9. Calculate d(-3).
-6
Suppose 3 = 224*o - 225*o. Let a(y) = 3*y + 2. What is a(o)?
-7
Let w(c) = c**3 + 1. Let v = 21 - 20. Let u(k) = -4*k**3 + 8*k**2 + 10*k + 4. Let n(z) = v*u(z) + 5*w(z). What is n(-7)?
-12
Let n = 94 - 93. Let v be (-3*2)/(3/(-2)) - n. Let c(x) = -x**2 + 5*x - 4. Give c(v).
2
Suppose -d + 2 = d. Let z = -10 - -13. Suppose -z*t + 7 = d. Let q(f) = 2*f - 2. Determine q(t).
2
Let h(w) = -w**2 + w + 5. Let m be (-3)/12*-30*(-18)/(-45). Determine h(m).
-1
Suppose 5*c - 4*u = -15, u = -2*c - 2*u - 6. Let o(f) = -f - 5*f - f - 1 + 4*f. Calculate o(c).
8
Let l be 27/(-3)*64/96. Let f(i) = i**3 + 6*i**2 + 5*i. Give f(l).
-30
Let h(i) = -6*i - 4 + 16*i**3 + 203*i**2 + 23*i**3 - 40*i**3 - 208*i**2. What is h(-4)?
4
Let z(w) = 2*w - 3315 - 3*w + 3317. Let p be 6*4/6 + 0. Calculate z(p).
-2
Let k(g) = 2*g. Let n(l) = -l**3 - 8*l**2 + 11*l + 15. Suppose -5*a - 68 = -23. Let x be n(a). Determine k(x).
-6
Let n(k) = -k**3 + 10*k**2 - 4*k - 3. Suppose 30*v - 25 = 275. Give n(v).
-43
Let r(v) = -6*v + 3. Suppose m - t - t = -1, 2*t = -4*m + 16. Suppose 4*o + 6 = 4*p - 14, 3*p = -3*o - m. Calculate r(p).
-9
Let v(g) = g**3 + 4*g**2 - 6*g - 1. Let f(a) = 46*a**2 - 1. Let o be f(-1). Let k = o + -50. Calculate v(k).
4
Let j = 13 - 8. Let c be (-1 + j/4)*8. Let d(n) = -c*n + 12 - 4 + 3*n. Give d(0).
8
Suppose 0 = -5*a - 4*h + 29, -a + 4*h = 1 - 2. Suppose -z = -a*z. Suppose z*n = -n + 3. Let o(b) = 2*b**2 - 4*b + 2. Calculate o(n).
8
Let p = -38 + 44. Let k(f) = 8*f + 1. Give k(p).
49
Let z(v) = 17*v + 177. Let n be z(-11). Let u(q) = q**2 + 9*q - 9. Determine u(n).
1
Let z(w) = -w**3 - 3*w**2 - w + 1. Let x(m) = -m**3 + 9*m**2 - 7*m - 6. Let b be x(8). Let i(q) = -q**3 + q**2 + q. Let d be i(b). What is z(d)?
-1
Suppose 4*w + 8 = 5*z - 5, -5*z - 5 = 5*w. Let m(f) = 0 + 110*f - 2 - 111*f. What is m(w)?
0
Suppose 420 = 13*o - o. Let c(y) = 13*y - o*y + 2 + 21*y. Calculate c(5).
-3
Let g(v) = 2*v**3 - v**2 - v + 2. Let o be g(0). Let l(c) = -c**3 - 3*c + 1. What is l(o)?
-13
Let s(d) = d**3 + 5*d**2 - d - 2. Let l(u) = -4*u. Let p(g) = g - 1. Let i be p(2). Let w be l(i). Let h be -2 + 2 + (w - 1). Give s(h).
3
Let h(g) = -g**2 - 8*g. Suppose -4*f + f = 0. Suppose 3*q + 3*b = -39, f = q + q - 2*b + 6. Let d be h(q). Let o(x) = -x**3 + x + 10. Calculate o(d).
10
Let y(h) = -11*h + 14 + 15*h - 18. What is y(3)?
8
Let x(a) = -a**2 + 19 - 1 - 18. Suppose -2*o = 3*v + 3, -v = 3*o + 6 + 2. Give x(o).
-9
Let z(g) be the second derivative of -g**4/12 - 7*g**3/6 + 11*g**2 - g - 78. Give z(-9).
4
Let b(f) = -7*f**3 + f - 1. Let s(a) = a**3 + 7*a**2 + 2*a + 5. Let t be s(-7). Let j = 19 + t. Let i = 11 - j. Determine b(i).
-7
Let b(s) = s. Suppose f - 3 = -2*f. Let q(z) = 17*z**3 + z**2 - 2*z + 1. Let y be q(f). Let c = -16 + y. Calculate b(c).
1
Suppose -15*d + 168 = 13*d. Let i(w) be the first derivative of -w**5/120 + 5*w**4/12 + 2*w**3/3 - 2. Let y(c) be the third derivative of i(c). Determine y(d).
4
Let t be (-3 + 2)*(0 + -4). Suppose 4*p = t + 12. Suppose z + 13 = p*i, -4*i + 13 = 3*z - 28. Let o(m